s digit of (4/(-12))/(1/s)?
4
Suppose 2*b + 39 = l, 256 = 5*l + b + 28. What is the tens digit of l?
4
Suppose -2*x - 35 = -5*d, -5*x - 8 = -3*x + 4*d. What is the units digit of x/(-25) - 6/(-10)?
1
What is the tens digit of 3/(-21) - (-618)/14?
4
Suppose 24*s - 21*s - 96 = 0. What is the units digit of s?
2
Let a = -95 - -155. What is the tens digit of a?
6
Let f(n) = n**3 + 3*n**2 + 4*n + 3. Let s be f(-2). What is the units digit of s/(-4) + (-155)/(-20)?
8
What is the units digit of 122*(3 - 10/4)?
1
Let v(i) = i**3 + i**2 + 6*i + 3. Let s(h) = -3*h**3 - 3*h**2 - 13*h - 7. Let r(w) = 2*s(w) + 5*v(w). What is the units digit of r(-3)?
7
Suppose 0 = -5*h + 10 - 0. Suppose h*k + 15 = -17. What is the units digit of -6*(k/6 - -2)?
4
Let b(s) = 11*s**3 + s**2. Let t be b(1). Suppose -t + 108 = 2*z. Suppose 9*r = 5*r + z. What is the tens digit of r?
1
Let g = -4 - 10. Suppose 0*u = u + 4. Let i = u - g. What is the units digit of i?
0
Let r be (-542)/(-26) + (-20)/(-130). Let n = r - 15. What is the units digit of n?
6
Let s(b) be the third derivative of -b**6/120 + 3*b**5/20 - 5*b**4/12 - b**3/2 - 3*b**2. What is the units digit of s(7)?
5
Suppose -3*j - 58 = -o, -5*o - 3*j + 187 = -o. What is the tens digit of o?
4
Let h be 10/4*12/15. Suppose -b + 3*m = h*b + 9, 3*b = 2*m - 4. What is the units digit of b?
2
Let t(j) = -j - 4. Let u be t(-11). Suppose -3*h - 20 = -u*h. What is the units digit of h?
5
Suppose 6 = 2*r - 4*r. What is the units digit of r/(-2) + 7/2?
5
Let g be 4 + -1 - (-3 + 3). Suppose g = -2*k - 1, 2*k = 5*d - 199. What is the units digit of d?
9
Let l(u) = -u**3 - 3*u**2 + 5*u + 3. Let n be l(-4). What is the units digit of 4 - n/2*-6?
1
Suppose -4*z = -127 - 353. What is the hundreds digit of z?
1
Let y(r) = r**2 - 4. Let i be y(0). Let n be 9/12 - 1/i. Suppose 2*d + n = 3*d. What is the units digit of d?
1
Let u(t) = -47*t. Let d be u(-2). Suppose 0*w + 3*r = 5*w - d, 2*w + 3*r = 25. What is the tens digit of w?
1
Let v(r) = r**3 + 7*r**2 - 4*r - 10. Let x be v(-5). Suppose 3*h + 2*c = x, 3*h + c - 107 = -2*h. What is the tens digit of h?
2
Suppose 0*o - 2*p = -2*o + 6, 2*o - 5*p = 0. Suppose 0*g - 16 = -4*g. Suppose -g*a - m + 28 = -6*m, -2*m + 35 = o*a. What is the units digit of a?
7
Let c(z) = -z. Let f be c(1). Let k be f - (-9*1 + 2). What is the units digit of 8 - 3/k*0?
8
Suppose 5*s - 22 = -2*y - 2, -2*s = -4*y - 8. Suppose -s*c = -7*c - 9. Let a(x) = x + 4. What is the units digit of a(c)?
1
What is the units digit of 0/(-3) - 186/(-2)?
3
Let b(i) = -6*i**2 + i - 9. Let d(o) = 5*o**2 + 8. Let j(z) = 4*b(z) + 5*d(z). What is the units digit of j(-7)?
5
Let b = 14 + -10. Let t = b + -3. Suppose 0*d - t = -d. What is the units digit of d?
1
Let n = -35 + 141. What is the tens digit of n?
0
Let a be (-6)/(-27) + 22/(-18). What is the tens digit of (-2 - a)*-1*27?
2
Suppose -2*i - 75 = -i. What is the units digit of i/10*6/(-5)?
9
Let j(g) = 2*g - 2. Let v be j(3). Suppose -2*z - 39 = -5*k - z, -2*k + 4*z + 12 = 0. Suppose 0*c + 4*c = k, d - 30 = -v*c. What is the units digit of d?
2
Suppose -4*x = -2 + 10. What is the tens digit of 96/4 + x*1?
2
Suppose -5*c + 192 = 32. What is the units digit of c?
2
Suppose -4*u = -4 - 12. Suppose 0 = 5*w + 10, 5*m + u*w - 3 - 19 = 0. What is the units digit of m?
6
What is the units digit of (-14)/(-1) + 3*-1?
1
Suppose 2*w = -h + 7, h - 3 = -3*w + 6. Suppose -3*l - h*k - 9 + 93 = 0, 5*l - 126 = 2*k. What is the tens digit of l?
2
Let k(z) = -3*z - 3. Let h be k(-7). Suppose 4*a = h + 18. What is the units digit of a?
9
Let x be 28/16 - 1/(-4). What is the units digit of (-32)/(-6)*3/x?
8
Let c be 4/6*315/14. Let f = c - -33. What is the tens digit of f?
4
Suppose -5*j = -5*c + 350, 2*c + 2*j = -3*j + 112. What is the tens digit of c?
6
Let g(n) = -2*n**2 + n + 1. Let q be g(-1). Let l be 1*2 + 2*q. Let b = 7 + l. What is the units digit of b?
5
Let a(g) = 7*g**2 + g. Let w be 6/(-15) + 24/10. Let q be w + 0 - (-4 - -7). What is the units digit of a(q)?
6
Suppose 5*t - 42 = 13. What is the tens digit of t?
1
Let v = 19 + 159. What is the hundreds digit of v?
1
Suppose a = 6*a + 80. Suppose 0*w = 5*w + 10. What is the units digit of 1*a/(1*w)?
8
Let d(k) = k - 2. Let v be d(6). Let s(m) = -6*m. Let o be s(-4). Suppose -v*z + 3*h = -20, -3*z + 3*h - 9 = -o. What is the units digit of z?
5
Suppose 0 = -0*x + x. Suppose x*c = 2*c - 20. Suppose 5 + c = 3*q. What is the units digit of q?
5
Suppose 0 = 3*z - 2 - 7. What is the units digit of 3*z + (-2)/(-1)?
1
Suppose -c + 95 = 35. Suppose -2*p + c + 0 = 0. What is the tens digit of p?
3
Suppose 0 = 2*f - 5*f. Suppose f = 4*l + l - 5*j + 5, 5*j = 4*l + 4. Let g = l + 2. What is the units digit of g?
1
Suppose 0 = 4*p + 2*x + 8, 0*x = -2*p - 3*x - 4. Let h = 0 - 2. What is the units digit of h - ((-1 - 4) + p)?
5
Let h = -131 - -207. What is the units digit of h?
6
Suppose 0 = -4*q - 0*q, 4*x = -5*q + 24. Suppose 19 = a - 4*h, -a - 6 = 4*h + 7. Let i = x - a. What is the units digit of i?
3
Let g(x) = x**3 + x**2 + 2*x + 1. Let w be g(5). What is the units digit of (-6)/10 + w/35?
4
Suppose 4*p - 800 = -224. Let u = p - 90. What is the units digit of u?
4
Suppose 3*t = -t - b + 233, 293 = 5*t + 3*b. What is the tens digit of t?
5
Let r = -178 + 312. What is the hundreds digit of r?
1
Suppose q = -2*q + 126. What is the tens digit of q?
4
Suppose -3*j + 2*t = 0, 0*j = j + 4*t. Suppose -105 + 30 = -5*o. Suppose j = 5*c - 0 - o. What is the units digit of c?
3
Let w(j) be the third derivative of -j**5/120 + j**3/3 + j**2. Let s(p) be the first derivative of w(p). What is the units digit of s(-4)?
4
Let o(z) = -z**3 + 9*z**2 - 12*z. Let x be o(8). Let g be 1/4 - 187/(-4). Let w = g + x. What is the tens digit of w?
1
Let p = -9 - -20. Suppose -1 - 4 = b. Let w = b + p. What is the units digit of w?
6
Let p be 15/2 + 1/2. Suppose -2*j - 4*s - p = -0*j, -2*s = -j + 8. What is the units digit of 10/j + (-1 - 0)?
4
Suppose -1 = 5*h - 4*t + 4, 0 = -5*h - 5*t + 40. Let g = h + 5. What is the units digit of g?
8
Suppose 0*g = -4*g + 560. What is the units digit of g?
0
Let q = 19 - 10. Suppose 3*o + q = 4*o. What is the units digit of o?
9
What is the units digit of 438/11 + ((-72)/(-33) - 2)?
0
Suppose 2*r - 6 = -0. Suppose l - 15 = -r*s, 5*s = -3*l - 0 + 37. Let d = l - 4. What is the units digit of d?
5
What is the hundreds digit of 2/(-9) - -43*(-265)/(-45)?
2
Let s = 4 - 9. Let d = -4 - s. What is the units digit of (d - 2/6)*6?
4
Let y = 20 + -20. Let p(h) = h**2 - h + 1. What is the units digit of p(y)?
1
Let u(c) be the first derivative of -1/3*c**3 + 4*c**2 - 2 - 5*c. What is the units digit of u(7)?
2
Suppose m - 12 = -m. What is the units digit of (-2 + m)/(8/36)?
8
Let y(z) = -z**3 + 6*z**2 - 2*z - 3. Let g(c) be the first derivative of c**3/3 + c**2 - 3*c - 4. Let q be g(2). What is the units digit of y(q)?
2
Let r(g) = g**3 + 28*g**2 - 9*g - 41. What is the hundreds digit of r(-28)?
2
Let j(u) = 9*u - 14. What is the units digit of j(6)?
0
Suppose 64 = 5*m - 6. What is the tens digit of m?
1
What is the tens digit of (129/18)/(2/12)?
4
Let u(w) = w**3 - 5*w**2 - 2*w - 7. What is the tens digit of u(7)?
7
Let w = 907 + -557. What is the tens digit of w?
5
Suppose d + 54 = -5*b, 3*d + b = 5*d + 108. Let m = -37 - d. What is the units digit of m?
7
Let x = -9 - -13. Suppose 36 = x*y + 12. What is the units digit of 6/((y/8)/1)?
8
Suppose 414 = n - 23. What is the hundreds digit of n?
4
Let k(c) = 3*c + 3. Let b be k(-6). What is the tens digit of 6/b + 408/20?
2
Let i = 6 + 5. Let z = 14 + -13. Suppose -i + z = -5*x. What is the units digit of x?
2
Let j(t) = -t**2 + 6*t + 7. What is the units digit of j(5)?
2
Let l = -13 - -26. Suppose -61 = -5*v + r, -l + 4 = -v + r. What is the tens digit of v?
1
Let d be (-7)/(-4) + (-3)/(-12). Let s(u) = 3*u + 1. Let h be s(d). Let m(l) = -l**2 + 8*l + 7. What is the tens digit of m(h)?
1
Let b = 1 + 1. What is the units digit of b?
2
Suppose -5*r = -0*r + w - 15, -2*w + 12 = r. Suppose r*c - 7*c + 25 = 0. What is the units digit of c?
5
Let a = 89 + -28. What is the tens digit of a?
6
Suppose -2*m - m + 6 = 0. Suppose 5*s - m - 3 = 0. What is the units digit of s?
1
Suppose -4*d + j = -j - 62,